{"id":371,"date":"2026-02-21T11:14:27","date_gmt":"2026-02-21T10:14:27","guid":{"rendered":"https:\/\/35avg.hu\/?post_type=product&#038;p=371"},"modified":"2026-02-21T11:47:43","modified_gmt":"2026-02-21T10:47:43","slug":"igpsport-bsc100s-kerekpar-computee","status":"publish","type":"product","link":"https:\/\/35avg.hu\/?product=igpsport-bsc100s-kerekpar-computee","title":{"rendered":"IGPSPORT BSC100S Ker\u00e9kp\u00e1r computer"},"content":{"rendered":"<p><b>iGPSPORT BSC100 GPS alap\u00fa ker\u00e9kp\u00e1ros\/t\u00fara computer:\u00a0<\/b><b><br \/>\n<\/b><\/p>\n<ul>\n<li>2.6 colos grafikus kijelz\u0151<\/li>\n<li>GPS alap\u00fa sebess\u00e9g \u00e9s t\u00e1vols\u00e1gm\u00e9r\u00e9s (GPS+BEIDOU+GLONASS+GALILEO+QZSS)<\/li>\n<li>Barometrikus magass\u00e1gm\u00e9r\u00e9s<\/li>\n<li>H\u0151m\u00e9rs\u00e9klet-, \u00e9s kal\u00f3riam\u00e9r\u00e9s<\/li>\n<li>IPX7 fr\u00f6ccsen\u0151 v\u00edz \u00e9s r\u00f6vid mer\u00fcl\u00e9s elleni v\u00e9delem<\/li>\n<li>Automatikus h\u00e1tt\u00e9rvil\u00e1g\u00edt\u00e1s<\/li>\n<li>Kb. 40 \u00f3r\u00e1s akku \u00fczemid\u0151 (h\u00e1tt\u00e9rvil\u00e1g\u00edt\u00e1s n\u00e9lk\u00fcl)<\/li>\n<li>Kb. 250 \u00f3ra adatt\u00e1rol\u00e1si kapacit\u00e1s<\/li>\n<li>USB-C csatlakoz\u00e1s az akkut\u00f6lt\u00e9shez \u00e9s az adatok let\u00f6lt\u00e9s\u00e9hez PC-re (.fit form\u00e1tumban)<\/li>\n<li>Bluetooth 5.0 kapcsolat az okostelefonnal val\u00f3 \u00f6sszek\u00f6tett\u00e9shez, applik\u00e1ci\u00f3n kereszt\u00fcl (adatok let\u00f6lt\u00e9se \u00e9s be\u00e1ll\u00edt\u00e1s, Android \u00e9s iOS)<\/li>\n<li>ANT+\/BLE5.0 kapcsolat a kieg\u00e9sz\u00edt\u0151 szenzorokkal val\u00f3 \u00f6sszek\u00f6ttet\u00e9shez (ped\u00e1lfordulat\/sebess\u00e9gjelad\u00f3, pulzusm\u00e9r\u0151 sz\u00edj)<\/li>\n<li>4 oldalas adatkijelz\u00e9s, lapozhat\u00f3<\/li>\n<li>Smart notification: bej\u00f6v\u0151 telefonh\u00edv\u00e1sok \u00e9s \u00fczenetek megjeleln\u00edt\u00e9se<\/li>\n<li>2 gombos vez\u00e9rl\u00e9s<\/li>\n<li>Mind\u00f6ssze 67 g<\/li>\n<\/ul>\n<p><b>A doboz tartalma:\u00a0<\/b><\/p>\n<ul>\n<li>1 db computer,<\/li>\n<li>1 db korm\u00e1nyadapter, hozz\u00e1val\u00f3 r\u00f6gz\u00edt\u0151gumikkal,<\/li>\n<li>Le\u00edr\u00e1s<\/li>\n<\/ul>\n","protected":false},"excerpt":{"rendered":"<p>iGPSPORT BSC100 GPS alap\u00fa ker\u00e9kp\u00e1ros\/t\u00fara computer:\u00a0 2.6 colos grafikus kijelz\u0151 GPS alap\u00fa sebess\u00e9g \u00e9s t\u00e1vols\u00e1gm\u00e9r\u00e9s (GPS+BEIDOU+GLONASS+GALILEO+QZSS) Barometrikus magass\u00e1gm\u00e9r\u00e9s H\u0151m\u00e9rs\u00e9klet-, \u00e9s kal\u00f3riam\u00e9r\u00e9s IPX7 fr\u00f6ccsen\u0151 v\u00edz \u00e9s r\u00f6vid mer\u00fcl\u00e9s elleni v\u00e9delem Automatikus h\u00e1tt\u00e9rvil\u00e1g\u00edt\u00e1s Kb. 40 \u00f3r\u00e1s akku \u00fczemid\u0151 (h\u00e1tt\u00e9rvil\u00e1g\u00edt\u00e1s n\u00e9lk\u00fcl) Kb. 250 \u00f3ra adatt\u00e1rol\u00e1si kapacit\u00e1s USB-C csatlakoz\u00e1s az akkut\u00f6lt\u00e9shez \u00e9s az adatok let\u00f6lt\u00e9s\u00e9hez PC-re (.fit form\u00e1tumban) Bluetooth [&hellip;]<\/p>\n","protected":false},"featured_media":372,"comment_status":"open","ping_status":"closed","template":"","meta":[],"product_brand":[],"product_cat":[28,27],"product_tag":[],"class_list":{"0":"post-371","1":"product","2":"type-product","3":"status-publish","4":"has-post-thumbnail","6":"product_cat-felszereles","7":"product_cat-kerekpar-computer","8":"no-link","10":"first","11":"instock","12":"shipping-taxable","13":"purchasable","14":"product-type-simple"},"jetpack_sharing_enabled":true,"_links":{"self":[{"href":"https:\/\/35avg.hu\/index.php?rest_route=\/wp\/v2\/product\/371","targetHints":{"allow":["GET"]}}],"collection":[{"href":"https:\/\/35avg.hu\/index.php?rest_route=\/wp\/v2\/product"}],"about":[{"href":"https:\/\/35avg.hu\/index.php?rest_route=\/wp\/v2\/types\/product"}],"replies":[{"embeddable":true,"href":"https:\/\/35avg.hu\/index.php?rest_route=%2Fwp%2Fv2%2Fcomments&post=371"}],"wp:featuredmedia":[{"embeddable":true,"href":"https:\/\/35avg.hu\/index.php?rest_route=\/wp\/v2\/media\/372"}],"wp:attachment":[{"href":"https:\/\/35avg.hu\/index.php?rest_route=%2Fwp%2Fv2%2Fmedia&parent=371"}],"wp:term":[{"taxonomy":"product_brand","embeddable":true,"href":"https:\/\/35avg.hu\/index.php?rest_route=%2Fwp%2Fv2%2Fproduct_brand&post=371"},{"taxonomy":"product_cat","embeddable":true,"href":"https:\/\/35avg.hu\/index.php?rest_route=%2Fwp%2Fv2%2Fproduct_cat&post=371"},{"taxonomy":"product_tag","embeddable":true,"href":"https:\/\/35avg.hu\/index.php?rest_route=%2Fwp%2Fv2%2Fproduct_tag&post=371"}],"curies":[{"name":"wp","href":"https:\/\/api.w.org\/{rel}","templated":true}]}}