{"id":98,"date":"2026-02-04T14:41:24","date_gmt":"2026-02-04T13:41:24","guid":{"rendered":"https:\/\/35avg.hu\/?page_id=98"},"modified":"2026-02-19T19:16:48","modified_gmt":"2026-02-19T18:16:48","slug":"proba","status":"publish","type":"page","link":"https:\/\/35avg.hu\/?page_id=98","title":{"rendered":"Versenynapt\u00e1r"},"content":{"rendered":"\n<p>G\u00f6rgesd le a k\u00edv\u00e1nt almen\u0171t! <\/p>\n","protected":false},"excerpt":{"rendered":"<p>G\u00f6rgesd le a k\u00edv\u00e1nt almen\u0171t!<\/p>\n","protected":false},"author":1,"featured_media":0,"parent":0,"menu_order":0,"comment_status":"closed","ping_status":"closed","template":"","meta":{"footnotes":""},"class_list":["post-98","page","type-page","status-publish","hentry","no-link"],"jetpack_sharing_enabled":true,"_links":{"self":[{"href":"https:\/\/35avg.hu\/index.php?rest_route=\/wp\/v2\/pages\/98","targetHints":{"allow":["GET"]}}],"collection":[{"href":"https:\/\/35avg.hu\/index.php?rest_route=\/wp\/v2\/pages"}],"about":[{"href":"https:\/\/35avg.hu\/index.php?rest_route=\/wp\/v2\/types\/page"}],"author":[{"embeddable":true,"href":"https:\/\/35avg.hu\/index.php?rest_route=\/wp\/v2\/users\/1"}],"replies":[{"embeddable":true,"href":"https:\/\/35avg.hu\/index.php?rest_route=%2Fwp%2Fv2%2Fcomments&post=98"}],"version-history":[{"count":14,"href":"https:\/\/35avg.hu\/index.php?rest_route=\/wp\/v2\/pages\/98\/revisions"}],"predecessor-version":[{"id":328,"href":"https:\/\/35avg.hu\/index.php?rest_route=\/wp\/v2\/pages\/98\/revisions\/328"}],"wp:attachment":[{"href":"https:\/\/35avg.hu\/index.php?rest_route=%2Fwp%2Fv2%2Fmedia&parent=98"}],"curies":[{"name":"wp","href":"https:\/\/api.w.org\/{rel}","templated":true}]}}