{"id":306,"date":"2026-02-19T11:21:25","date_gmt":"2026-02-19T10:21:25","guid":{"rendered":"https:\/\/35avg.hu\/?page_id=306"},"modified":"2026-02-19T14:05:22","modified_gmt":"2026-02-19T13:05:22","slug":"rallye","status":"publish","type":"page","link":"https:\/\/35avg.hu\/?page_id=306","title":{"rendered":"Rallye"},"content":{"rendered":"\n<figure class=\"wp-block-image size-full\"><img loading=\"lazy\" decoding=\"async\" width=\"526\" height=\"526\" src=\"https:\/\/35avg.hu\/wp-content\/uploads\/2026\/02\/631022059_1511557587645901_378756540093930413_n.jpg\" alt=\"\" class=\"wp-image-272\" srcset=\"https:\/\/35avg.hu\/wp-content\/uploads\/2026\/02\/631022059_1511557587645901_378756540093930413_n.jpg 526w, https:\/\/35avg.hu\/wp-content\/uploads\/2026\/02\/631022059_1511557587645901_378756540093930413_n-300x300.jpg 300w, https:\/\/35avg.hu\/wp-content\/uploads\/2026\/02\/631022059_1511557587645901_378756540093930413_n-150x150.jpg 150w, https:\/\/35avg.hu\/wp-content\/uploads\/2026\/02\/631022059_1511557587645901_378756540093930413_n-100x100.jpg 100w\" sizes=\"auto, (max-width: 526px) 100vw, 526px\" \/><\/figure>\n\n\n\n<figure class=\"wp-block-image size-full\"><img loading=\"lazy\" decoding=\"async\" width=\"509\" height=\"720\" src=\"https:\/\/35avg.hu\/wp-content\/uploads\/2026\/02\/632827773_1410907394164310_4756495033279770874_n.jpg\" alt=\"\" class=\"wp-image-269\" srcset=\"https:\/\/35avg.hu\/wp-content\/uploads\/2026\/02\/632827773_1410907394164310_4756495033279770874_n.jpg 509w, https:\/\/35avg.hu\/wp-content\/uploads\/2026\/02\/632827773_1410907394164310_4756495033279770874_n-212x300.jpg 212w\" sizes=\"auto, (max-width: 509px) 100vw, 509px\" \/><\/figure>\n\n\n\n<p>A v\u00e1ltoz\u00e1s jog\u00e1t fenntartjuk!<\/p>\n","protected":false},"excerpt":{"rendered":"<p>A v\u00e1ltoz\u00e1s jog\u00e1t fenntartjuk!<\/p>\n","protected":false},"author":1,"featured_media":0,"parent":0,"menu_order":0,"comment_status":"closed","ping_status":"closed","template":"","meta":{"footnotes":""},"class_list":["post-306","page","type-page","status-publish","hentry","no-link"],"jetpack_sharing_enabled":true,"_links":{"self":[{"href":"https:\/\/35avg.hu\/index.php?rest_route=\/wp\/v2\/pages\/306","targetHints":{"allow":["GET"]}}],"collection":[{"href":"https:\/\/35avg.hu\/index.php?rest_route=\/wp\/v2\/pages"}],"about":[{"href":"https:\/\/35avg.hu\/index.php?rest_route=\/wp\/v2\/types\/page"}],"author":[{"embeddable":true,"href":"https:\/\/35avg.hu\/index.php?rest_route=\/wp\/v2\/users\/1"}],"replies":[{"embeddable":true,"href":"https:\/\/35avg.hu\/index.php?rest_route=%2Fwp%2Fv2%2Fcomments&post=306"}],"version-history":[{"count":5,"href":"https:\/\/35avg.hu\/index.php?rest_route=\/wp\/v2\/pages\/306\/revisions"}],"predecessor-version":[{"id":319,"href":"https:\/\/35avg.hu\/index.php?rest_route=\/wp\/v2\/pages\/306\/revisions\/319"}],"wp:attachment":[{"href":"https:\/\/35avg.hu\/index.php?rest_route=%2Fwp%2Fv2%2Fmedia&parent=306"}],"curies":[{"name":"wp","href":"https:\/\/api.w.org\/{rel}","templated":true}]}}